{"id":101,"date":"2015-01-04T18:19:56","date_gmt":"2015-01-04T17:19:56","guid":{"rendered":"http:\/\/linkslesestaerke.de\/?page_id=101"},"modified":"2022-07-17T21:22:24","modified_gmt":"2022-07-17T20:22:24","slug":"lesungen-2","status":"publish","type":"page","link":"https:\/\/www.linkslesestaerke.de\/?page_id=101","title":{"rendered":"Lesungen"},"content":{"rendered":"<p><a href=\"http:\/\/linkslesestaerke.de\/wp-content\/uploads\/2015\/01\/Lesung.jpg\"><img loading=\"lazy\" decoding=\"async\" class=\"alignnone size-full wp-image-274\" src=\"http:\/\/linkslesestaerke.de\/wp-content\/uploads\/2015\/01\/Lesung.jpg\" alt=\"Lesung\" width=\"580\" height=\"324\" \/><\/a><\/p>\n<blockquote><p><em>&#8222;Und das Gegenteil von Schreiben?&#8220;<br \/>\n&#8222;Kritzeln? Malen? Reden?&#8220;, riet ich drauflos. &#8222;Mathe?&#8220;<br \/>\n&#8222;Lesen!&#8220;<\/em><br \/>\n(aus &#8222;Linkslesest\u00e4rke&#8220;, Kapitel 1)<\/p><\/blockquote>\n<p>Hier muss ich Felix, dem l\u00e4ngsten Freund von Mira, dann doch mal widersprechen. Schreiben und Lesen sind keine Gegens\u00e4tze. Sonst w\u00fcrde eines weniger Spa\u00df machen als das andere. Aber es ist beides gleich sch\u00f6n. Und wie!<\/p>\n<p>Jede Lesung ist anders, auch weil das Publikum immer anders ist: gro\u00dfe und kleine Messe-Besucher, Besucher eines Lesefests, Sch\u00fcler aus Grundschule, Realschule, Gymnasium, aus F\u00f6rder- wie Integrationsklassen.<\/p>\n<p>Egal wer schlie\u00dflich an der Tafel steht und mitmalt &#8211; es macht jedem Spa\u00df. Denn bei mir bekommen Kinder nicht nur was zu h\u00f6ren, sondern sie l\u00f6sen und gestalten selbst <em>Reh-Bus<\/em>-R\u00e4tsel. Jedes Bild ein <em>Ohr-ih-genial<\/em>! Die besten davon werden hier auf der Website in der <a href=\"http:\/\/linkslesestaerke.de\/?page_id=53\">Wort-Acker-dem-ih<\/a> vorgestellt.<\/p>\n<p><strong>Lesealter:<\/strong> 8 &#8211; 11 Jahre, 3. Klasse &#8211; 6. Klasse<br \/>\n<strong>Themen:<\/strong> Rechtschreibschw\u00e4che, LRS, Wortspiele, aber auch: Mobbing und was das mit den Kindern macht<\/p>\n<p><a href=\"http:\/\/linkslesestaerke.de\/wp-content\/uploads\/2015\/01\/Lesung_Kinder_Tafel.jpg\"><img loading=\"lazy\" decoding=\"async\" class=\"alignnone size-full wp-image-501\" src=\"http:\/\/linkslesestaerke.de\/wp-content\/uploads\/2015\/01\/Lesung_Kinder_Tafel.jpg\" alt=\"Lesung_Kinder_Tafel\" width=\"538\" height=\"324\" srcset=\"https:\/\/www.linkslesestaerke.de\/wp-content\/uploads\/2015\/01\/Lesung_Kinder_Tafel.jpg 538w, https:\/\/www.linkslesestaerke.de\/wp-content\/uploads\/2015\/01\/Lesung_Kinder_Tafel-300x181.jpg 300w\" sizes=\"auto, (max-width: 538px) 100vw, 538px\" \/><\/a><\/p>\n<p><strong>Kontakt<\/strong><\/p>\n<p><em><strong>Meine Lesungsagentin ist Sabine Fecke, <span class=\"LrzXr\">Meisenweg 10, 70565 Stuttgart<\/span>, <a href=\"mailto:info02@Lese-Agentur.de\">info02@Lese-Agentur.de<\/a>, Telefon: <span class=\"LrzXr zdqRlf kno-fv\"><a class=\"fl r-i7zjUS0TYUwo\" title=\"\u00dcber Hangouts anrufen\" href=\"https:\/\/www.google.com\/search?client=firefox-b-d&amp;q=Sabine+Fecke+Leseagentur#\" data-number=\"+497117804306\" data-pstn-out-call-url=\"\" data-rtid=\"i7zjUS0TYUwo\" data-ved=\"2ahUKEwj4z76Ig-LlAhXNLVAKHZRHCgEQkAgoADAcegQIEBAD\">0711 7804306,\u00a0<\/a><\/span><\/strong><\/em><\/p>\n<p>Oder Ihr meldet Euch gleich pers\u00f6nlich bei mir: <a href=\"mailto:mail@anja-janotta.de\">mail(at)anja-janotta.de<\/a><\/p>\n<p>Es sind auch Lesungen \u00fcber den <a href=\"http:\/\/www.boedecker-kreis.de\/Autorinnen-Autoren.55+M5afa206a820.0.html\">B\u00f6decker-Kreis<\/a> m\u00f6glich.<\/p>\n","protected":false},"excerpt":{"rendered":"<p>&#8222;Und das Gegenteil von Schreiben?&#8220; &#8222;Kritzeln? Malen? Reden?&#8220;, riet ich drauflos. &#8222;Mathe?&#8220; &#8222;Lesen!&#8220; (aus &#8222;Linkslesest\u00e4rke&#8220;, Kapitel 1) Hier muss ich Felix, dem l\u00e4ngsten Freund von Mira, dann doch mal widersprechen. <a class=\"more-link\" href=\"https:\/\/www.linkslesestaerke.de\/?page_id=101\">Continue Reading &rarr;<\/a><\/p>\n","protected":false},"author":3,"featured_media":0,"parent":0,"menu_order":0,"comment_status":"open","ping_status":"open","template":"","meta":{"footnotes":""},"class_list":["post-101","page","type-page","status-publish","hentry"],"jetpack_shortlink":"https:\/\/wp.me\/P5diEV-1D","jetpack_sharing_enabled":true,"_links":{"self":[{"href":"https:\/\/www.linkslesestaerke.de\/index.php?rest_route=\/wp\/v2\/pages\/101","targetHints":{"allow":["GET"]}}],"collection":[{"href":"https:\/\/www.linkslesestaerke.de\/index.php?rest_route=\/wp\/v2\/pages"}],"about":[{"href":"https:\/\/www.linkslesestaerke.de\/index.php?rest_route=\/wp\/v2\/types\/page"}],"author":[{"embeddable":true,"href":"https:\/\/www.linkslesestaerke.de\/index.php?rest_route=\/wp\/v2\/users\/3"}],"replies":[{"embeddable":true,"href":"https:\/\/www.linkslesestaerke.de\/index.php?rest_route=%2Fwp%2Fv2%2Fcomments&post=101"}],"version-history":[{"count":77,"href":"https:\/\/www.linkslesestaerke.de\/index.php?rest_route=\/wp\/v2\/pages\/101\/revisions"}],"predecessor-version":[{"id":1906,"href":"https:\/\/www.linkslesestaerke.de\/index.php?rest_route=\/wp\/v2\/pages\/101\/revisions\/1906"}],"wp:attachment":[{"href":"https:\/\/www.linkslesestaerke.de\/index.php?rest_route=%2Fwp%2Fv2%2Fmedia&parent=101"}],"curies":[{"name":"wp","href":"https:\/\/api.w.org\/{rel}","templated":true}]}}